1. Let z = -5 - -5. Suppose z*y + 24 = q*y. What are the prime factors of y?
2, 3
Let u(v) = -6*v + 4. What are the prime factors of u(-2)?
2
Let p = -7 - -14. Let x(b) = -b**2 + 9*b - 10. What are the prime factors of x(p)?
2
Let p be (-2)/8 + (-10)/(-40). Suppose 4*k - 130 = -2*b, -b - b + 10 = p. What are the prime factors of k?
2, 3, 5
Let m(l) = 5*l + 23. List the prime factors of m(17).
2, 3
Suppose w - 41 - 33 = -5*b, -5*w = -b - 292. List the prime factors of w.
59
Suppose -7*i = -10*i - 2*x + 545, 5*x = -2*i + 378. List the prime factors of i.
179
Let l(s) = 5*s**2 + 5*s - 5 - 5 - 4*s**2. Let h be l(-7). Suppose 0 = 3*t, 5*t = h*g + g - 15. List the prime factors of g.
3
Let j = -13 - -16. Suppose 0 = 4*l - 20, 0 = 5*d - 2*d - j*l - 75. List the prime factors of d.
2, 3, 5
Suppose -2*q + 0*q = 96. Let o = -30 - q. Suppose 2*u - o = -5*l, -u - 1 = -0*u. List the prime factors of l.
2
Let i be (3/((-9)/(-30)))/(-1). Let u = 19 + i. What are the prime factors of u?
3
Let t = -10 - -67. List the prime factors of t.
3, 19
Suppose -137 = -5*w + 4*h, -5*w + 3*h - 4*h = -147. What are the prime factors of w?
29
Let z(y) = -3*y - 7. Let g(x) = 3*x + x - 3*x. Let b be g(-6). What are the prime factors of z(b)?
11
Suppose i = 4*i + 288. Let a = i - -157. What are the prime factors of a?
61
Suppose -2*q + 16 = -v - 20, -q = 4*v + 135. What are the prime factors of v/(-6)*3 - 2?
3, 5
Let o be (-1 - 0)*(-8)/(-8). What are the prime factors of -1*(40/(-4) + o)?
11
Let a be 2/5 + (-618)/(-30). Suppose 7 + a = 4*m. List the prime factors of m.
7
Let q be (-36)/10 + (-4)/10. Suppose 5*z - 34 = 4*d, 19 - 45 = 5*d + 2*z. Let w = q - d. What are the prime factors of w?
2
Suppose -5*o = 4*g + 645, -5*g + 100 = 2*o - 3*o. What are the prime factors of (8/(-5))/(10/o)?
2, 5
Let i(h) = 5*h**2 + 7 - 4 - 4*h**2 + 7*h. Let j = -15 - -8. What are the prime factors of i(j)?
3
Let h be (-2)/(-4) + (-357)/14. Let t = h - -37. What are the prime factors of t?
2, 3
Let q(p) = p**2 + p + 7. Suppose 0 = -2*f + 4*f. Let j be q(f). Suppose 9 = 2*t - j. List the prime factors of t.
2
Let c = 311 - 222. List the prime factors of c.
89
Suppose 6*z - 5*z = -33. Let f = z + 52. List the prime factors of f.
19
Let g be (3/(-4) + -2)*-4. Let p = g + -11. Suppose p = 2*f + f - 12. What are the prime factors of f?
2
Let t = -31 + 44. What are the prime factors of t?
13
Let c(l) = -l + 10. Let g be 2/10 - (-34)/5. Let p be c(g). Suppose -5*d - 4*y = -6, 0 = -d - p*y + 1 - 2. List the prime factors of d.
2
List the prime factors of (-47)/(-4) + 1/4.
2, 3
Let a(i) = 5*i + 5. Let c be a(5). Let k = -14 + c. List the prime factors of k.
2
What are the prime factors of 21/(-14) + (-1 - (-466)/4)?
2, 3, 19
Suppose -5*i + 105 = -0*i. Suppose -4*t + i - 1 = 0. Suppose 4*o = 3*l + 28, -4*o - t*l - 1 = 3. List the prime factors of o.
2
Suppose 15*p - 3*p - 2148 = 0. What are the prime factors of p?
179
Let c(n) = -2*n - 16. What are the prime factors of c(-25)?
2, 17
Suppose -297 = -37*z + 34*z. List the prime factors of z.
3, 11
Suppose -13 = 2*b - 7*b - 2*r, -1 = r. Suppose h = -1 + b. Suppose 5*n - v = 55, -h*n = -v - 15 - 4. List the prime factors of n.
2, 3
Let h be (0 - 3) + 16 + 0. Let f = -11 + h. List the prime factors of 6*(-1)/f*-2.
2, 3
Let s(f) = -21*f. Let d(y) = y + 1. Let i(z) = -15*d(z) - s(z). List the prime factors of i(11).
3, 17
Suppose -3*b + 19 = 1. Suppose -2*x + w + b = 5*w, x = 2*w + 3. Suppose 4*f = -n + 9, -5*f + 7*n + 6 = x*n. What are the prime factors of f?
2
Let f = -59 - -230. What are the prime factors of f?
3, 19
Let b(h) = 3*h**2 + 2*h + 1. Let n be b(-1). What are the prime factors of 2 + 1 + 7 + n?
2, 3
Suppose -2*n + 5*n = 0. Suppose n*z = 4*z - 28. What are the prime factors of z?
7
Let f(t) = 5*t**3 + 6*t**3 - 12*t**3 - t**2 + 19. List the prime factors of f(0).
19
Let v = 2 - 2. Suppose v = 4*u - 17 - 35. List the prime factors of u.
13
Let h = 0 - -1. Let t be -3*(h + (0 - 2)). Let g(j) = 2*j**2 - 3*j. List the prime factors of g(t).
3
Suppose 0 = i - 3. Suppose 4*u - 72 = -7*d + i*d, -3*u - 11 = -2*d. What are the prime factors of d?
13
Let w(f) = -f**2 - 5*f + 6. Let h be w(-6). Suppose 5*a - 3*t - 10 = h, -40 = -3*a - 3*t - 2*t. List the prime factors of a.
5
Suppose -16*l + 12*l + 196 = 0. What are the prime factors of l?
7
Suppose 1 - 4 = -3*h. Let o be (-27)/12*(h - 5). Let k = 27 - o. List the prime factors of k.
2, 3
Suppose g - 5*g = -640. What are the prime factors of g?
2, 5
Let g(h) = -h**2 - h + 2. Let p be g(-2). Suppose -4*b + 175 = 5*c - p*c, -b = 2*c - 70. List the prime factors of c.
5, 7
Let m be (-3)/(-1*(-2 + 3)). Suppose -3*s + 5*s + m = -5*x, 5*s = 2*x - 22. Suppose u - x = 11. What are the prime factors of u?
2, 3
Suppose 4*g = s - 7, -4*s + 3*g - 9 = 2. Let c = s + 9. Suppose 5*l - 31 = 3*x, 5*l - c*l - 11 = 3*x. List the prime factors of l.
5
Let i(t) = 8*t + 4. Let q = -12 + 15. What are the prime factors of i(q)?
2, 7
Suppose 3*y + 23 = 152. List the prime factors of y.
43
Suppose 4*j = 3*j + 2. Suppose 17 = j*d - d. List the prime factors of d.
17
Suppose -2*w - 3*w + 160 = 0. Suppose 24 + w = 2*l. What are the prime factors of l?
2, 7
Let k(n) = 6*n - 2. Suppose -q + 3 = -1. Suppose -5*c + q = -3*c. What are the prime factors of k(c)?
2, 5
Let d be 15 + ((-4)/2 - 1). Suppose -2*x - 2*x + d = 0. List the prime factors of x.
3
Suppose 2*s + 3*i = 87, -4*i + 7*i = s - 66. What are the prime factors of s?
3, 17
Let u = -19 + 67. List the prime factors of u.
2, 3
Suppose -3*k = 3*b - 882, -2*b - 2*b = k - 282. What are the prime factors of k?
2, 149
Suppose n - 4*j - 3 = -7*j, -9 = -3*n + 5*j. Let d be n/(-1)*4/6. Let a = d - -9. List the prime factors of a.
7
Suppose -5*z = -3*w + 9 - 132, -3*w = 4*z - 93. List the prime factors of z.
2, 3
Let r be (14 - 2)*(-4)/6. List the prime factors of (r/(-4)*1)/1.
2
Let o(c) = 3*c**2 - 9*c - 4. Let l be o(7). Suppose -l = k - 6*k. What are the prime factors of k?
2
Suppose 5*w - o = 4*w - 12, o = 4. Let i(d) = d**3 + 8*d**2 - 4*d + 5. List the prime factors of i(w).
37
What are the prime factors of (-90)/3*(-95)/15?
2, 5, 19
Suppose q = 6*q - 265. List the prime factors of q.
53
Let a(u) = 13*u + 3. Let t(c) = -8*c. Let b be t(1). Let r(p) = -4*p - 1. Let o(w) = b*r(w) - 3*a(w). List the prime factors of o(-1).
2, 3
Suppose 3*w - 67 - 62 = 0. List the prime factors of w.
43
Suppose 2*r - 3*q = 6*r - 44, -4*q = -4*r + 72. What are the prime factors of -1*7/(r/(-20))?
2, 5
List the prime factors of ((-3)/(-6))/1*24.
2, 3
Let c(b) = -3*b**3 + 3*b**2 - 7*b - 12. Let g(h) = 4*h**3 - 2*h**2 + 6*h + 13. Let z(o) = 5*c(o) + 4*g(o). Let r = -20 + 12. What are the prime factors of z(r)?
2
Let g(v) be the first derivative of v**4/4 + 13*v**3/3 + v**2/2 + 19*v - 4. List the prime factors of g(-13).
2, 3
Let w = 16 - 11. Suppose -2*n + w = -g + 32, -11 = -g - 2*n. Let j = -9 + g. List the prime factors of j.
2, 5
Let v be 2/(-8) - 1/(-4). Let l = v + 4. What are the prime factors of 1/(-3)*0 + l?
2
Suppose -2*s = -h - 94, -3*s = 4*h - 51 - 68. What are the prime factors of s?
3, 5
Suppose 2*d - 8 = -0*d. Suppose -10 = -d*n + 2. Suppose -3*p = -5*u - 46 + 15, u = -4*p + n. What are the prime factors of p?
2
List the prime factors of 536/32 - 6/8.
2
Let f(r) = 6*r**2 - r**3 + 7*r - 23*r - 23*r**2 + 13. List the prime factors of f(-16).
13
Let i = 12 + -10. Suppose -f + 6 = -i. What are the prime factors of f?
2
Let q be (-3)/18 + (-182)/(-12). Suppose -2*f = -q - 11. What are the prime factors of f?
13
Let y(f) = -f**3 - 3*f**2 - f + 1. List the prime factors of y(-4).
3, 7
List the prime factors of ((-68)/(-10))/(8/80).
2, 17
Let v(m) = 2*m + 9. Let j(i) be the second derivative of 2*i**3/3 + 19*i**2/2 - 2*i. Let p(k) = 6*j(k) - 13*v(k). What are the prime factors of p(-5)?
7
Let r = 20 + -13. Suppose -3*d + r = -2*d. List the prime factors of d.
7
Let k(r) = -3*r - 4. Let c be k(-3). Suppose -4*s + 0*s + c*j + 94 = 0, 4*s + 2*j - 80 = 0. List the prime factors of s.
3, 7
Let v(n) = -n**3 - n**2 - 4*n + 16. What are the prime factors of v(-5)?
2, 17
Let l(c) = -c**3 - 8*c**2 - 9*c - 7. Let f be (-66)/9 + (-2)/(-6). What are the prime factors of l(f)?
7
Suppose 0 = 4*i - 2 - 6. Let r(k) = k**2